s 51 + -8?
43
In base 8, what is -1 - 116?
-117
In base 16, what is -11da - -5?
-11d5
In base 9, what is 186 + 1?
187
In base 14, what is -4 + 42d?
429
In base 9, what is -246 - -4?
-242
In base 10, what is 39 + 4?
43
In base 12, what is 16 + 3ba?
414
In base 15, what is 4c2 + -1?
4c1
In base 6, what is -2 + 243?
241
In base 9, what is 0 - 40?
-40
In base 14, what is -1 - b?
-c
In base 14, what is 34d + -3?
34a
In base 16, what is 1 - 5b?
-5a
In base 13, what is 3 + -97?
-94
In base 9, what is -4 - -766?
762
In base 13, what is -6 + -142b?
-1434
In base 6, what is -1105 + -45?
-1154
In base 11, what is a5 + 3?
a8
In base 3, what is -1 - -212202?
212201
In base 13, what is 5 + -2173?
-216b
In base 5, what is 4 - -210?
214
In base 8, what is 3 + 72?
75
In base 4, what is 113 - 220?
-101
In base 3, what is -11 + -11002?
-11020
In base 12, what is -208 - 5?
-211
In base 10, what is 5 + 66?
71
In base 14, what is 1c7 - 7?
1c0
In base 12, what is 499 - -4?
4a1
In base 2, what is 10101 + -100010101?
-100000000
In base 2, what is -1 - 1010?
-1011
In base 12, what is 4 - -4?
8
In base 6, what is 2 + -1010?
-1004
In base 10, what is -1 + -52?
-53
In base 10, what is -3 + 23?
20
In base 16, what is 6 + 1?
7
In base 10, what is -542 + -9?
-551
In base 4, what is 3303 - -11?
3320
In base 11, what is a32 - -1?
a33
In base 11, what is -128 + 3?
-125
In base 3, what is -2 + 210?
201
In base 11, what is -63 + -17?
-7a
In base 10, what is 4543 - 0?
4543
In base 5, what is -100 + -2?
-102
In base 9, what is -1 - -764?
763
In base 11, what is 18 - -735?
752
In base 2, what is -1000 + -11110?
-100110
In base 12, what is 5 + 12?
17
In base 12, what is 5 - -17?
20
In base 8, what is 54 - -4?
60
In base 6, what is -1 + -55?
-100
In base 4, what is 1 + 1203?
1210
In base 8, what is 147 - -4?
153
In base 12, what is -560 - 5?
-565
In base 7, what is -5 - -2162?
2154
In base 11, what is -129 + -5?
-133
In base 13, what is -3 - 51?
-54
In base 4, what is 12313 + -10?
12303
In base 6, what is 4 + 201?
205
In base 10, what is -3 - 126?
-129
In base 15, what is -102 + -3?
-105
In base 2, what is -100011011100001 - -100?
-100011011011101
In base 8, what is 1505 - 11?
1474
In base 2, what is 10 + 101?
111
In base 15, what is -542 + -5?
-547
In base 7, what is 112 + 204?
316
In base 9, what is 5 + 5513?
5518
In base 6, what is -32 + -1120?
-1152
In base 9, what is -136 - -12?
-124
In base 13, what is -5 - 52b?
-533
In base 14, what is 5 + -2d?
-28
In base 15, what is 73a + 4?
73e
In base 15, what is 361 - -3?
364
In base 12, what is -1385 - 2?
-1387
In base 4, what is 2 - 1020?
-1012
In base 15, what is -8 + -6?
-e
In base 8, what is -126 + 12?
-114
In base 16, what is c - 4?
8
In base 8, what is 0 - 413?
-413
In base 6, what is -22 + 10?
-12
In base 3, what is 12 - 22002?
-21220
In base 5, what is -132 + -124?
-311
In base 2, what is -11101 + 1000001001?
111101100
In base 3, what is -1010210010 - -1?
-1010210002
In base 10, what is 4 - -7638?
7642
In base 10, what is 5 + -44?
-39
In base 5, what is 133 + -2230?
-2042
In base 11, what is 128a1 - 1?
128a0
In base 3, what is 21 - 1212?
-1121
In base 5, what is 3 - 214?
-211
In base 10, what is -5 + -6536?
-6541
In base 9, what is 1 + -2217?
-2216
In base 8, what is -23 - 343?
-366
In base 13, what is 99a + -5?
995
In base 4, what is 22010 - -11?
22021
In base 7, what is 42 + 2?
44
In base 10, what is 2 + 43?
45
In base 3, what is 10121 + 2?
10200
In base 3, what is 120 - 12121?
-12001
In base 3, what is 10 + 110201?
110211
In base 5, what is -322 - -10?
-312
In base 2, what is 10011100111 - 100?
10011100011
In base 15, what is -4 + 1705?
1701
In base 6, what is -3 - 551?
-554
In base 5, what is -1 + -140?
-141
In base 15, what is -3 + 6c?
69
In base 14, what is 44 + -4?
40
In base 12, what is 14 + 5?
19
In base 10, what is -18 + -10?
-28
In base 13, what is 10 - -193?
1a3
In base 16, what is -35 - -14?
-21
In base 12, what is -4 - 305?
-309
In base 16, what is 6e2 - 4?
6de
In base 6, what is 2 + -204?
-202
In base 14, what is a + 6?
12
In base 2, what is -1110001 - -100100?
-1001101
In base 7, what is 5 + 4?
12
In base 13, what is 4 + 23?
27
In base 14, what is -1251 - 0?
-1251
In base 11, what is -3 + 27?
24
In base 8, what is 24 + 4?
30
In base 9, what is 2 - -3036?
3038
In base 7, what is -2 + 11026?
11024
In base 11, what is 2 - -a70?
a72
In base 12, what is -88 - 3?
-8b
In base 3, what is -21 + -210?
-1001
In base 8, what is -7 + -32?
-41
In base 10, what is -721 + -33?
-754
In base 10, what is -11 + -6?
-17
In base 5, what is -3 - 1110?
-1113
In base 12, what is 27 - 238?
-211
In base 14, what is -1b - 3?
-20
In base 11, what is -68 + 67?
-1
In base 9, what is -3 - 1511?
-1514
In base 14, what is 4 + 199?
19d
In base 9, what is -25715 - -4?
-25711
In base 4, what is 30000 - 10?
23330
In base 8, what is 5 - 10?
-3
In base 6, what is -245 + -1?
-250
In base 2, what is -111010010 - -11?
-111001111
In base 9, what is -2305 - 3?
-2308
In base 9, what is -1140 - -6?
-1133
In base 11, what is -1a37 + 3?
-1a34
In base 11, what is a01 + 2?
a03
In base 15, what is -2 + 265?
263
In base 8, what is -5 + -11206?
-11213
In base 16, what is 4 + -29?
-25
In base 5, what is -10 - -4?
-1
In base 9, what is 8 - -13?
22
In base 12, what is 47 - -2?
49
In base 5, what is -22230 - 4?
-22234
In base 7, what is 1 - 66?
-65
In base 9, what is 5 - -343?
348
In base 13, what is 110 - 4?
109
In base 2, what is -100 - -1001100?
1001000
In base 5, what is 4 + 111014?
111023
In base 2, what is 1011 + -1000101?
-111010
In base 3, what is -2 - 12000202?
-12000211
In base 6, what is -10 - -113?
103
In base 7, what is -4661 + -4?
-4665
In base 12, what is 2459 - -4?
2461
In base 15, what is 55 - 77?
-22
In base 15, what is 4 + -502?
-4ed
In base 4, what is -30 + 113300?
113210
In base 7, what is 5 + -1020?
-1012
In base 9, what is 3 - 3275?
-3272
In base 15, what is -3 - 75?
-78
In base 9, what is -486 - 6?
-503
In base 10, what is 13 - 56?
-43
In base 6, what is -345 - -140?
-205
In base 9, what is 12 + 11?
23
In base 5, what is -3 - 22?
-30
In base 5, what is 1312 + 24?
1341
In base 2, what is -1110011000 - 10?
-1110011010
In base 2, what is -100 - -1100?
1000
In base 4, what is 12 + 1232?
1310
In base 15, what is -1349b + -3?
-1349e
In base 11, what is 78 + -44?
34
In base 9, what is -11654 + -4?
-11658
In base 12, what is 0 - 25?
-25
In base 6, what is 400 + -134?
222
In base 13, what is 242 + 1?
243
In base 14, what is -a + -12?
-1c
In base 6, what is 321100 - 4?
321052
In base 4, what is -11 + -20?
-31
In base 12, what is -4 + 34?
30
In base 10, what is -6 + -38?
-44
In base 6, what is 14 + 254?
312
In base 10, what is 279 - -10?
289
In base 6, what is 4 + -12200?
-12152
In base 8, what is 624 + 23?
647
In base 10, what is -2384 - 2?
-2386
In base 7, what is 20 - -4?
24
In base 16, what is 1e + 96?
b4
In base 12, what is 197 + 5?
1a0
In base 15, what is 10 + -10?
0
In base 14, what is -4 + -222?
-226
In base 15, what is -4 + -27?
-2b
In base 12, what is 131 + 73?
1a4
In base 2, what is 1100100 - -1101?
1110001
In base 3, what is 10121 - 2001?
1120
In base 4, what is -3 - -2332?
2323
In base 14, what is -1 + 3d1?
3d0
In base 10, what is 2 + -84?
-82
In base 2, what is -100111 - -101?
-100010
In base 2, what is 101111001101110 + 10?
101111001110000
In base 10, what is 14 - -3?
17
In base 13, what is 815 + -1?
814
In base 5, what is 244 + 0?
244
In base 3, what is -102 + 1112?
1010
In base 10, what is -412 - 0?
-412
In base 9, what is -20 - -12?
-7
In base 12, what is -24a + 14?
-236
In base 7, what is -3 - 1146?
-1152
In base 6, what is 54 - 15?
35
In base 11, what is 10 - -33?
43
In base 4, what is 1021 + -221?
200
In base 16, what is 11ed + -3?
11ea
In base 5, what is -3 - 144?
-202
In base 12, what is 5 + -6?
-1
In base 15, what is -74 - 3?
-77
In base 8, what is -70 + 16?
-52
In base 2, what is 100001 + -1001100?
-101011
In base 4, what is 2331103 - 2?
2331101
In base 6, what is 254 + 5?
303
In base 10, what is 0 - -44?
44
In base 13, what is -301 - -21?
-2b0
In base 7, what is 4 + 11?
15
In base 5, what is -14322 - 3?
-14330
In base 7, what is 15645 + 0?
15645
In base 5, what is 10 + 202244?
202304
In base 11, what is 44 - 5?
3a
In base 5, wha